 208*i - 1469. Give b(-76).
51
Let t(z) = 3*z**3 - 61*z**2 + 1793*z - 35462. Give t(20).
-2
Let c(t) = 420*t**2 - 2607*t + 5209. Give c(2).
1675
Let p(c) = c**3 + 96*c**2 + 1447*c + 992. Give p(-18).
218
Let w(p) = -2*p**2 + 1018*p + 31208. Calculate w(538).
4
Let p(f) = 6581*f - 1059523. Determine p(161).
18
Let l(f) = -f**2 + 536378*f + 5363878. Give l(-10).
-2
Let p(b) = -b**3 + 199*b**2 - 365*b - 1572. Calculate p(197).
4141
Let y(d) = 5*d**3 + 26*d**2 - 120*d - 565. Give y(-6).
11
Let z(d) = 62924*d + 4467601. Determine z(-71).
-3
Let y(s) = -s**3 - 34*s**2 + 60*s + 1595. What is y(-32)?
-2373
Let a(r) = 7*r**2 + 4128*r - 4128. Determine a(1).
7
Let n(t) = -41*t**2 - 5367*t - 30723. Calculate n(-6).
3
Let r(q) = -q**3 + 116*q**2 + 389*q - 4584. Calculate r(119).
-776
Let m(p) = p**3 - 63*p**2 - 271*p + 23. Give m(67).
-178
Let v(x) = -67*x**2 - 3556*x - 51. Determine v(-53).
214
Let b(j) = 502*j - 3371. Give b(14).
3657
Let c(z) = -z**3 + 12*z**2 + 37*z + 1476. Give c(19).
-348
Let s(w) = 106*w - 9381. Give s(94).
583
Let x(f) = 2*f**3 + 156*f**2 - 655*f + 76. Give x(-82).
-6
Let t(v) = -9237*v + 1071490. What is t(116)?
-2
Let x(z) = -z**2 - 211*z + 16892. Determine x(62).
-34
Let i(a) = -2*a**2 + 1865*a - 18535. What is i(10)?
-85
Let k(z) = -11*z**2 + 126*z - 646. What is k(6)?
-286
Let r(i) = -1791*i - 46723. Calculate r(-26).
-157
Let h(d) = -596*d - 1713. Determine h(-3).
75
Let f(b) = -12*b**3 - 53*b**2 + 2*b - 15. What is f(-4)?
-103
Let a(w) = 6*w**3 - 712*w**2 - 959*w + 174. Calculate a(120).
294
Let j(q) = 14*q**3 - 1452*q**2 - 527*q + 11530. What is j(104)?
-14
Let s(p) = -p**3 - 191*p**2 + 3296*p + 470. Calculate s(-207).
3782
Let t(u) = -14*u**3 - 86*u**2 + 88*u + 43. Determine t(-7).
15
Let n(o) = -15843*o + 47552. Determine n(3).
23
Let t(a) = 2*a**2 - 447*a - 8187. Determine t(-17).
-10
Let y(p) = 2*p**2 - 355*p + 2240. Calculate y(171).
17
Let c(b) = -2*b**3 + 26*b**2 - 592*b + 5530. Calculate c(10).
210
Let c(w) = -w**3 - 241*w**2 + 710*w - 5440. What is c(-244)?
-72
Let c(z) = 2*z**3 - 135*z**2 + 445*z + 238. Calculate c(64).
46
Let n(k) = 3941*k - 51005. What is n(13)?
228
Let m(z) = -z**2 - 820*z + 9975. Give m(-832).
-9
Let t(j) = -54*j**3 - 40*j**2 + 44*j - 3. What is t(1)?
-53
Let o(s) = s**3 + 106*s**2 - 1553*s - 714. What is o(-119)?
0
Let i(m) = -291*m - 9100. Determine i(-30).
-370
Let t(r) = -979*r + 7826. What is t(8)?
-6
Let g(q) = q**2 - 1369*q - 47188. Determine g(-33).
-922
Let x(w) = -6*w**2 + 3827*w - 19159. Calculate x(5).
-174
Let x(w) = -22*w**2 + 181*w - 12. Calculate x(8).
28
Let g(x) = -x**3 - 336*x**2 - 774*x - 35292. Calculate g(-334).
112
Let y(u) = -28423*u + 369487. What is y(13)?
-12
Let a(h) = -h**2 - 800*h - 24314. Determine a(-32).
262
Let a(q) = -9520*q - 30083. What is a(-3)?
-1523
Let x(m) = -5536*m - 188235. What is x(-34)?
-11
Let v(b) = -17394*b + 678335. Calculate v(39).
-31
Let s(i) = -8*i**3 + 147*i**2 + 91*i + 46. Give s(19).
-30
Let l(v) = 21*v**2 - 1820*v + 1220. What is l(86)?
16
Let b(f) = -2*f**3 - 36*f**2 + 16*f + 1364. Calculate b(-17).
514
Let m(t) = t**3 - 104*t**2 + 2615*t + 3656. Determine m(57).
8
Let c(q) = 2675*q - 19641. Calculate c(8).
1759
Let b(k) = 34*k**2 - 100*k + 616. Give b(12).
4312
Let a(p) = -p**3 + 64*p**2 + 589*p + 238. Calculate a(72).
1174
Let g(i) = i**2 + 38086*i - 228561. Calculate g(6).
-9
Let f(c) = 27*c**2 + 59*c - 8. Give f(-2).
-18
Let c(o) = 2*o**2 - 1048*o + 133613. What is c(219)?
23
Let a(k) = -k**3 - 56*k**2 - 787*k - 20. What is a(-29)?
96
Let r(n) = -11*n**2 + 58501*n + 234182. Give r(-4).
2
Let p(r) = -90*r - 1093. Determine p(-10).
-193
Let x(d) = -d**2 + 72*d - 941. Determine x(44).
291
Let t(y) = -2*y**2 + 1768*y - 344558. Give t(290).
-38
Let u(j) = -j**2 - 154*j + 754. What is u(-151)?
1207
Let q(v) = -v**2 - 18*v + 3992. What is q(-72)?
104
Let d(m) = -57*m - 276. Give d(1).
-333
Let g(j) = 2*j**2 - 403*j - 52437. Give g(-90).
33
Let h(m) = 8801*m + 35095. What is h(-4)?
-109
Let v(x) = 3*x**2 - 7132*x - 1867340. What is v(-238)?
8
Let z(h) = 204858*h + 614600. Determine z(-3).
26
Let p(f) = -139*f**2 + 101*f - 3. What is p(4)?
-1823
Let f(v) = -v**3 - 116*v**2 - 209*v + 965. Calculate f(-4).
9
Let q(d) = 8*d**3 - 626*d**2 - 541*d + 83. What is q(-1)?
-10
Let f(y) = -4*y**3 + 12560*y**2 - 1542144*y + 7. Determine f(3012).
7
Let f(h) = -907*h - 11789. What is f(-13)?
2
Let d(s) = s**2 + 4716*s + 1023247. Give d(-228).
-17
Let o(y) = 1666*y - 26. Calculate o(0).
-26
Let u(b) = -2*b**2 + 514*b - 17713. What is u(41)?
-1
Let s(z) = -235*z**2 - 7701*z + 1792. What is s(-33)?
10
Let g(c) = 3583*c**2 + 18. Give g(0).
18
Let a(z) = -3568*z + 3596553. What is a(1008)?
9
Let k(l) = l**3 + 356*l**2 - 3319*l - 148155. Give k(-364).
-7
Let a(v) = -v**3 + 29*v**2 - 180*v - 896. What is a(25)?
-2896
Let j(a) = -1313*a**2 - 24938*a + 158. Give j(-19).
-13
Let v(s) = -2*s**2 - 5493*s + 868965. What is v(150)?
15
Let f(w) = 6*w**2 + 103*w - 1263. Give f(-25).
-88
Let c(b) = -b**3 - 100*b**2 + 103*b + 167. What is c(-101)?
-35
Let y(u) = -392*u**2 - 29007*u - 8. Give y(-74).
-82
Let o(n) = 45514*n - 273185. Calculate o(6).
-101
Let h(l) = 5*l**3 + 723*l**2 - 294*l - 638. Give h(-145).
-58
Let i(n) = -28*n**2 - 766*n + 49. What is i(-28)?
-455
Let r(z) = -107913*z - 4856088. What is r(-45)?
-3
Let m(k) = 12*k**3 + 89*k**2 - 49*k - 163. Give m(-3).
461
Let w(f) = 1185*f - 9491. Determine w(8).
-11
Let a(r) = 16*r**3 - 928*r**2 + 2*r + 242. Give a(58).
358
Let l(o) = o**2 - 34221*o - 753221. Calculate l(-22).
125
Let i(v) = -6*v**2 + 234876*v - 1409023. Calculate i(6).
17
Let n(d) = 3081*d + 240666. What is n(-78)?
348
Let n(g) = -g**2 + 394*g + 13138. Determine n(-31).
-37
Let w(u) = -55089*u - 110179. Give w(-2).
-1
Let k(x) = 11*x**3 - 62*x**2 - 494*x + 2651. Determine k(5).
6
Let r(n) = -321*n**2 - 900*n + 2698. Give r(3).
-2891
Let x(u) = -1038*u + 117269. Give x(113).
-25
Let r(o) = 52*o**3 - 2*o**2 - 146*o - 247. Determine r(0).
-247
Let t(z) = -6*z**2 + 523*z - 11304. Determine t(40).
16
Let h(o) = -o**2 + 64520*o - 193540. Calculate h(3).
11
Let q(n) = -59*n**2 - 489*n + 247. Give q(5).
-3673
Let b(f) = 36*f**3 - 276*f**2 - 113*f - 56. What is b(8)?
-192
Let p(x) = 14*x**2 + 822*x - 10. What is p(-60)?
1070
Let y(o) = 2260*o + 29475. What is y(-13)?
95
Let h(g) = 11*g**3 - 20*g**2 + 37*g - 23. Calculate h(1).
5
Let p(s) = -s**3 + 47*s**2 + 75*s + 804. Calculate p(49).
-323
Let m(u) = -100*u**3 - 92402*u**2 - 1842*u + 5521. What is m(-924)?
-23
Let n(o) = -o**3 - 9*o**2 + 285*o + 158. Calculate n(13).
145
Let g(f) = 452037*f + 6328525. Determine g(-14).
7
Let g(j) = 3*j**2 - 1781*j + 112243. Determine g(522).
13
Let j(g) = -g**2 + 25*g + 14766. Give j(-112).
-578
Let g(z) = -z**3 + 31*z**2 - 130*z + 726. Calculate g(28).
-562
Let o(k) = -2*k**2 + 116*k + 5031. What is o(87)?
-15
Let g(a) = 58692*a + 2641131. Give g(-45).
-9
Let t(a) = 320*a + 4517. Calculate t(-12).
677
Let s(z) = 724*z**2 + 79*z - 84. Give s(1).
719
Let w(s) = s**3 - 3*s**2 - 134*s + 19. Calculate w(-10).
59
Let r(l) = -39917*l - 399145. Determine r(-10).
25
Let r(h) = -68*h - 1894. Give r(-30).
146
Let k(u) = u**3 + 643*u**2 + 12511*u + 1078. Determine k(-20).
58
Let k(x) = x**2 + 73*x - 20404. Give k(-184).
20
Let a(p) = 5*p**3 - 4*p**2 - 10*p + 63. What is a(2)?
67
Let d(z) = 3*z**2 - 597*z - 5635. Give d(210).
1295
Let w(v) = 76248*v + 64048328. What is w(-840)?
8
Let z(s) = -s**2 - 142*s + 30023. Give z(116).
95
Let q(r) = -24*r**2 + 80*r + 6. What is q(4)?
-58
Let g(b) = -31258*b + 375323. Determine g(12).
227
Let d(r) = -15573*r - 1479430. What is d(-95)?
5
Let o(j) = -62910*j + 4655325. Determine o(74).
-15
Let u(c) = -12658*c - 645562. What is u(-51)?
-4
Let t(c) = -4*c**2 + 23*c + 62. What is t(8)?
-10
Let o(n) = -n**2 + 7222*n - 64937. Determine o(9).
-20
Let v(p) = -6*p**3 + 248*p**2 - 1334*p + 133. Determine v(35).
-7
Let g(r) = -2*r**3 + 387*r**2 - 201*r + 1549. Determine g(193).
5
Let c(n) = -n**3 + 44*n**2 - 149*n - 6761. What is c(33)?
301
Let d(k) = -k**3 - 36*k**2 + 182*k - 2969. Give d(-42).
-29
Let s(d) = 65892*d - 790697. Determine s(12).
7
Let g(n) = 8*n**2 - 32*n + 149. Determine g(3).
125
Let m(i) = -249*i**2 + 4899*i + 42. Give m(20).
-1578
L